{"id":1652,"date":"2025-03-18T18:10:13","date_gmt":"2025-03-18T17:10:13","guid":{"rendered":"https:\/\/goldengame.be\/?page_id=1652"},"modified":"2025-03-18T18:11:28","modified_gmt":"2025-03-18T17:11:28","slug":"cgu","status":"publish","type":"page","link":"https:\/\/goldengame.be\/index.php\/cgu\/","title":{"rendered":"CGU"},"content":{"rendered":"\n<h2 class=\"wp-block-heading has-text-align-center has-ast-global-color-5-color has-text-color has-link-color wp-elements-e2015178a7311c0a9203e6644038ac4e\"><a href=\"https:\/\/goldengame.be\/\">HOME<\/a><\/h2>\n\n\n\n<p class=\"has-ast-global-color-0-color has-text-color has-link-color wp-elements-05889968e03249708d790c455aae3ef5\">Conditions G\u00e9n\u00e9rales d&#8217;Utilisation de&nbsp;<a href=\"https:\/\/goldengame.be\/\" target=\"_blank\" rel=\"noreferrer noopener\">goldengame.be<\/a><\/p>\n\n\n\n<p>Pr\u00e9ambule<\/p>\n\n\n\n<p class=\"has-ast-global-color-0-color has-text-color has-link-color wp-elements-4489f4b60e45ae19fcbe5dda8b2da7b7\">Les pr\u00e9sentes Conditions G\u00e9n\u00e9rales d&#8217;Utilisation (CGU) r\u00e9gissent l&#8217;acc\u00e8s et l&#8217;utilisation du site web&nbsp;<a href=\"http:\/\/golden-game.be\/\" target=\"_blank\" rel=\"noreferrer noopener\">golden-game.be<\/a>&nbsp;(ci-apr\u00e8s le &#8220;Site&#8221;). En utilisant le Site, vous acceptez sans r\u00e9serve les pr\u00e9sentes CGU.<\/p>\n\n\n\n<p>Article 1 : D\u00e9finitions<\/p>\n\n\n\n<p>&nbsp;* Utilisateur : toute personne physique ou morale qui acc\u00e8de au Site.<\/p>\n\n\n\n<p>&nbsp;* Contenu : l&#8217;ensemble des \u00e9l\u00e9ments constituant le Site, notamment les textes, images, vid\u00e9os, logiciels, marques, etc.<\/p>\n\n\n\n<p>&nbsp;* Services : l&#8217;ensemble des services propos\u00e9s sur le Site.<\/p>\n\n\n\n<p>Article 2 : Objet<\/p>\n\n\n\n<p>Le Site a pour objet de [pr\u00e9ciser l&#8217;objet du site, par exemple : proposer des jeux en ligne, fournir des informations sur les jeux, etc.].<\/p>\n\n\n\n<p>Article 3 : Acc\u00e8s au Site<\/p>\n\n\n\n<p>L&#8217;acc\u00e8s au Site est libre et gratuit \u00e0 tout Utilisateur disposant d&#8217;un acc\u00e8s \u00e0 internet.<\/p>\n\n\n\n<p>Article 4 : Utilisation du Site<\/p>\n\n\n\n<p>L&#8217;Utilisateur s&#8217;engage \u00e0 utiliser le Site conform\u00e9ment aux lois et r\u00e8glements en vigueur et aux pr\u00e9sentes CGU. Il s&#8217;interdit notamment :<\/p>\n\n\n\n<p class=\"has-ast-global-color-0-color has-text-color has-link-color wp-elements-b89d45f330d7d958eeab61f400f55f00\">&nbsp;* De porter atteinte aux droits de propri\u00e9t\u00e9 intellectuelle de&nbsp;<a href=\"http:\/\/golden-game.be\/\" target=\"_blank\" rel=\"noreferrer noopener\">golden-game.be<\/a>&nbsp;ou de tiers.<\/p>\n\n\n\n<p>&nbsp;* De diffuser des contenus illicites, diffamatoires, racistes, etc.<\/p>\n\n\n\n<p>&nbsp;* D&#8217;utiliser le Site \u00e0 des fins commerciales sans autorisation pr\u00e9alable.<\/p>\n\n\n\n<p>Article 5 : Responsabilit\u00e9<\/p>\n\n\n\n<p class=\"has-ast-global-color-0-color has-text-color has-link-color wp-elements-aa2ce7484ce8fa8939d1c1b1828082da\"><a href=\"http:\/\/golden-game.be\/\" target=\"_blank\" rel=\"noreferrer noopener\">golden-game.be<\/a>&nbsp;ne saurait \u00eatre tenue responsable de tout dommage direct ou indirect r\u00e9sultant de l&#8217;utilisation du Site ou de l&#8217;impossibilit\u00e9 d&#8217;y acc\u00e9der.<\/p>\n\n\n\n<p>Article 6 : Propri\u00e9t\u00e9 Intellectuelle<\/p>\n\n\n\n<p class=\"has-ast-global-color-0-color has-text-color has-link-color wp-elements-cef0387098599b2d73c1e36702c4fb07\">L&#8217;ensemble du Contenu du Site est la propri\u00e9t\u00e9 exclusive de&nbsp;<a href=\"http:\/\/golden-game.be\/\" target=\"_blank\" rel=\"noreferrer noopener\">golden-game.be<\/a>&nbsp;ou de ses partenaires et est prot\u00e9g\u00e9 par les lois de la propri\u00e9t\u00e9 intellectuelle. Toute reproduction, repr\u00e9sentation, modification, publication, adaptation de tout ou partie des \u00e9l\u00e9ments du Site, quel que soit le moyen ou le proc\u00e9d\u00e9 utilis\u00e9, est strictement interdite, sauf autorisation \u00e9crite pr\u00e9alable de&nbsp;<a href=\"http:\/\/golden-game.be\/\" target=\"_blank\" rel=\"noreferrer noopener\">golden-game.be<\/a>.<\/p>\n\n\n\n<p>Article 7 : Donn\u00e9es Personnelles<\/p>\n\n\n\n<p>Les donn\u00e9es personnelles collect\u00e9es sur le Site sont trait\u00e9es conform\u00e9ment \u00e0 notre politique de confidentialit\u00e9.<\/p>\n\n\n\n<p>Article 8 : Modification des CGU<\/p>\n\n\n\n<p class=\"has-ast-global-color-0-color has-text-color has-link-color wp-elements-75e6e183fd6bbd0642b88976924da3af\"><a href=\"http:\/\/golden-game.be\/\" target=\"_blank\" rel=\"noreferrer noopener\">golden-game.be<\/a>&nbsp;se r\u00e9serve le droit de modifier \u00e0 tout moment les pr\u00e9sentes CGU. Les nouvelles CGU seront applicables d\u00e8s leur mise en ligne.<\/p>\n\n\n\n<p>Article 9 : Loi applicable et juridiction<\/p>\n\n\n\n<p>Les pr\u00e9sentes CGU sont soumises au droit belge. Tout litige relatif \u00e0 l&#8217;interpr\u00e9tation ou \u00e0 l&#8217;ex\u00e9cution des pr\u00e9sentes CGU sera de la comp\u00e9tence exclusive des tribunaux belges.<\/p>\n","protected":false},"excerpt":{"rendered":"<p>HOME Conditions G\u00e9n\u00e9rales d&#8217;Utilisation de&nbsp;goldengame.be Pr\u00e9ambule Les pr\u00e9sentes Conditions G\u00e9n\u00e9rales d&#8217;Utilisation (CGU) r\u00e9gissent l&#8217;acc\u00e8s et l&#8217;utilisation du site web&nbsp;golden-game.be&nbsp;(ci-apr\u00e8s le &#8220;Site&#8221;). En utilisant le Site, vous acceptez sans r\u00e9serve les pr\u00e9sentes CGU. Article 1 : D\u00e9finitions &nbsp;* Utilisateur : toute personne physique ou morale qui acc\u00e8de au Site. &nbsp;* Contenu : l&#8217;ensemble des \u00e9l\u00e9ments constituant &hellip;<\/p>\n<p class=\"read-more\"> <a class=\"\" href=\"https:\/\/goldengame.be\/index.php\/cgu\/\"> <span class=\"screen-reader-text\">CGU<\/span> Read More &raquo;<\/a><\/p>\n","protected":false},"author":1,"featured_media":0,"parent":0,"menu_order":0,"comment_status":"closed","ping_status":"closed","template":"","meta":{"_uag_custom_page_level_css":"","site-sidebar-layout":"default","site-content-layout":"","ast-site-content-layout":"default","site-content-style":"default","site-sidebar-style":"default","ast-global-header-display":"","ast-banner-title-visibility":"","ast-main-header-display":"","ast-hfb-above-header-display":"","ast-hfb-below-header-display":"","ast-hfb-mobile-header-display":"","site-post-title":"","ast-breadcrumbs-content":"","ast-featured-img":"","footer-sml-layout":"","theme-transparent-header-meta":"","adv-header-id-meta":"","stick-header-meta":"","header-above-stick-meta":"","header-main-stick-meta":"","header-below-stick-meta":"","astra-migrate-meta-layouts":"set","footnotes":""},"class_list":["post-1652","page","type-page","status-publish","hentry"],"uagb_featured_image_src":{"full":false,"thumbnail":false,"medium":false,"medium_large":false,"large":false,"1536x1536":false,"2048x2048":false},"uagb_author_info":{"display_name":"game98","author_link":"https:\/\/goldengame.be\/index.php\/author\/game98\/"},"uagb_comment_info":0,"uagb_excerpt":"HOME Conditions G\u00e9n\u00e9rales d&#8217;Utilisation de&nbsp;goldengame.be Pr\u00e9ambule Les pr\u00e9sentes Conditions G\u00e9n\u00e9rales d&#8217;Utilisation (CGU) r\u00e9gissent l&#8217;acc\u00e8s et l&#8217;utilisation du site web&nbsp;golden-game.be&nbsp;(ci-apr\u00e8s le &#8220;Site&#8221;). En utilisant le Site, vous acceptez sans r\u00e9serve les pr\u00e9sentes CGU. Article 1 : D\u00e9finitions &nbsp;* Utilisateur : toute personne physique ou morale qui acc\u00e8de au Site. &nbsp;* Contenu : l&#8217;ensemble des \u00e9l\u00e9ments constituant&hellip;","_links":{"self":[{"href":"https:\/\/goldengame.be\/index.php\/wp-json\/wp\/v2\/pages\/1652","targetHints":{"allow":["GET"]}}],"collection":[{"href":"https:\/\/goldengame.be\/index.php\/wp-json\/wp\/v2\/pages"}],"about":[{"href":"https:\/\/goldengame.be\/index.php\/wp-json\/wp\/v2\/types\/page"}],"author":[{"embeddable":true,"href":"https:\/\/goldengame.be\/index.php\/wp-json\/wp\/v2\/users\/1"}],"replies":[{"embeddable":true,"href":"https:\/\/goldengame.be\/index.php\/wp-json\/wp\/v2\/comments?post=1652"}],"version-history":[{"count":2,"href":"https:\/\/goldengame.be\/index.php\/wp-json\/wp\/v2\/pages\/1652\/revisions"}],"predecessor-version":[{"id":1655,"href":"https:\/\/goldengame.be\/index.php\/wp-json\/wp\/v2\/pages\/1652\/revisions\/1655"}],"wp:attachment":[{"href":"https:\/\/goldengame.be\/index.php\/wp-json\/wp\/v2\/media?parent=1652"}],"curies":[{"name":"wp","href":"https:\/\/api.w.org\/{rel}","templated":true}]}}